{"id":2075,"date":"2017-01-26T11:46:20","date_gmt":"2017-01-26T11:46:20","guid":{"rendered":"http:\/\/projetoabelha.com.br\/?page_id=2075"},"modified":"2020-04-08T22:30:37","modified_gmt":"2020-04-08T22:30:37","slug":"o-moco-e-o-sol","status":"publish","type":"page","link":"http:\/\/projetoabelha.com.br\/?page_id=2075","title":{"rendered":"O Mo\u00e7o e o Sol"},"content":{"rendered":"\n<h3 class=\"has-luminous-vivid-orange-color has-text-color has-text-align-center\">O Mo\u00e7o e o Sol, D\u00e9bora Ara\u00fajo<\/h3>\n\n\n<p><script src=\"http:\/\/arquivos.weblibras.com.br\/auto\/wl-min.js\"><\/script><br \/><script><br \/>\n   var wl = new WebLibras();<br \/>\n<\/script><\/p>\n<table style=\"height: 992px;\" width=\"534\">\n<tbody>\n<tr>\n<td width=\"288\">\n<p style=\"text-align: left;\"><span style=\"color: #000000;\">Olha o Sol a raiar<\/span><br \/><span style=\"color: #000000;\"> Ele\u00a0veio me cumprimentar<\/span><br \/><span style=\"color: #000000;\"> Mas aguardo o entardecer<\/span><br \/><span style=\"color: #000000;\">Para na rede adormecer<\/span><\/p>\n<p><span style=\"color: #000000;\">Olha quem vem vindo<\/span><br \/><span style=\"color: #000000;\"> \u00c9 Sol que est\u00e1 sorrindo<\/span><br \/><span style=\"color: #000000;\"> Mas espero\u00a0o enoitar<\/span><br \/><span style=\"color: #000000;\"> Para um beijo eu roubar<\/span><\/p>\n<p style=\"text-align: left;\"><span style=\"color: #000000;\">Olha quem j\u00e1 est\u00e1 indo<\/span><br \/><span style=\"color: #000000;\"> \u00c9 Sol que vai partindo<\/span><br \/><span style=\"color: #000000;\"> Ele p\u00f4s-se a baixar<\/span><br \/><span style=\"color: #000000;\"> Pois eu me pus a rejeitar<\/span><\/p>\n<p style=\"text-align: left;\"><span style=\"color: #000000;\">Seu Sol n\u00e3o fa\u00e7a isso n\u00e3o<\/span><br \/><span style=\"color: #000000;\"> Voc\u00ea mora no meu cora\u00e7\u00e3o<\/span><br \/><span style=\"color: #000000;\"> Mas sou mo\u00e7o desejoso<\/span><br \/><span style=\"color: #000000;\"> Do luar esplendoroso<\/span><\/p>\n<p style=\"text-align: left;\"><a href=\"http:\/\/projetoabelha.com.br\/wp-content\/uploads\/2016\/11\/o-mo\u00e7o-e-o-sol.png\"><img loading=\"lazy\" class=\"alignleft wp-image-1231\" src=\"http:\/\/projetoabelha.com.br\/wp-content\/uploads\/2016\/11\/o-mo\u00e7o-e-o-sol-226x300.png\" alt=\"\" width=\"203\" height=\"269\" srcset=\"http:\/\/projetoabelha.com.br\/wp-content\/uploads\/2016\/11\/o-mo\u00e7o-e-o-sol-226x300.png 226w, http:\/\/projetoabelha.com.br\/wp-content\/uploads\/2016\/11\/o-mo\u00e7o-e-o-sol-165x220.png 165w, http:\/\/projetoabelha.com.br\/wp-content\/uploads\/2016\/11\/o-mo\u00e7o-e-o-sol.png 249w\" sizes=\"(max-width: 203px) 100vw, 203px\" \/><\/a><\/p>\n<\/td>\n<td width=\"288\">\n<p style=\"text-align: left;\"><a href=\"http:\/\/projetoabelha.com.br\/wp-content\/uploads\/2016\/12\/sol.png\"><img loading=\"lazy\" class=\"wp-image-1732 aligncenter\" src=\"http:\/\/projetoabelha.com.br\/wp-content\/uploads\/2016\/12\/sol-300x295.png\" alt=\"\" width=\"138\" height=\"135\" \/><\/a><\/p>\n<p><span style=\"color: #000000;\">Pois seu Mo\u00e7o eu lhe digo<\/span><br \/><span style=\"color: #000000;\"> Sou o Sol, o seu amigo<\/span><br \/><span style=\"color: #000000;\"> Mas quem vive de esperar<\/span><br \/><span style=\"color: #000000;\"> N\u00e3o v\u00ea a vida passar<\/span><\/p>\n<p style=\"text-align: left;\"><span style=\"color: #000000;\">Ent\u00e3o seu Sol vou te dizer<\/span><br \/><span style=\"color: #000000;\"> Tempo n\u00e3o\u00a0vou mais perder<\/span><br \/><span style=\"color: #000000;\"> Do dia, colherei\u00a0flor<\/span><br \/><span style=\"color: #000000;\"> Da vida, muito amor<\/span><\/p>\n<p style=\"text-align: left;\"><span style=\"color: #000000;\">De manh\u00e3 venho correndo<\/span><br \/><span style=\"color: #000000;\">Para te ver amanhecendo<\/span><br \/><span style=\"color: #000000;\"> Minha viola vou buscar<\/span><br \/><span style=\"color: #000000;\"> E um poema musicar<\/span><\/p>\n<p style=\"text-align: left;\"><span style=\"color: #000000;\">E assim bem do seu lado<\/span><br \/><span style=\"color: #000000;\"> Cantarei o dia ensolarado<\/span><br \/><span style=\"color: #000000;\"> J\u00e1 na noite bem fresquinha<\/span><br \/><span style=\"color: #000000;\"> Tocarei outra modinha<\/span><\/p>\n<p><span style=\"color: #000000;\"> Direi de amor e de verdade<\/span><br \/><span style=\"color: #000000;\"> Da mais pura amizade<\/span><br \/><span style=\"color: #000000;\"> Juntinhos\u00a0vamos brilhar<\/span><br \/><span style=\"color: #000000;\"> E toda a vida embelezar<\/span><\/p>\n<\/td>\n<\/tr>\n<tr>\n<td width=\"288\"><a href=\"http:\/\/projetoabelha.com.br\/wp-content\/uploads\/2016\/11\/Lan\u00e7amento-9.jpg\"><img loading=\"lazy\" class=\"alignleft wp-image-2072\" src=\"http:\/\/projetoabelha.com.br\/wp-content\/uploads\/2016\/11\/Lan\u00e7amento-9-300x200.jpg\" alt=\"\" width=\"212\" height=\"142\" srcset=\"http:\/\/projetoabelha.com.br\/wp-content\/uploads\/2016\/11\/Lan\u00e7amento-9-300x200.jpg 300w, http:\/\/projetoabelha.com.br\/wp-content\/uploads\/2016\/11\/Lan\u00e7amento-9-768x512.jpg 768w, http:\/\/projetoabelha.com.br\/wp-content\/uploads\/2016\/11\/Lan\u00e7amento-9-1024x682.jpg 1024w, http:\/\/projetoabelha.com.br\/wp-content\/uploads\/2016\/11\/Lan\u00e7amento-9.jpg 2000w\" sizes=\"(max-width: 212px) 100vw, 212px\" \/><\/a><\/td>\n<td width=\"288\"><span style=\"color: #000000;\">D\u00e9bora Ara\u00fajo<br \/>Facebook: <a href=\"https:\/\/www.facebook.com\/projetoabelha\">Projeto Abelha<\/a><br \/>Instagram: <a href=\"https:\/\/www.instagram.com\/projetoabelha\/\">@projetoabelha<\/a><\/span><\/td>\n<\/tr>\n<\/tbody>\n<\/table>\n<h3 style=\"text-align: center;\"><span style=\"color: #34a81a;\">Sejamos Polinizadores! Sejamos Abelhas!<\/span><\/h3>","protected":false},"excerpt":{"rendered":"<p>O Mo\u00e7o e o Sol, D\u00e9bora Ara\u00fajo Olha o Sol a raiar Ele\u00a0veio me cumprimentar Mas aguardo o entardecerPara na rede adormecer Olha quem vem vindo \u00c9 Sol que est\u00e1 sorrindo Mas espero\u00a0o enoitar Para um beijo eu roubar Olha quem j\u00e1 est\u00e1 indo \u00c9 Sol que vai partindo Ele p\u00f4s-se a baixar Pois eu&hellip;<\/p>\n","protected":false},"author":1,"featured_media":1231,"parent":1217,"menu_order":0,"comment_status":"closed","ping_status":"closed","template":"","meta":[],"_links":{"self":[{"href":"http:\/\/projetoabelha.com.br\/index.php?rest_route=\/wp\/v2\/pages\/2075"}],"collection":[{"href":"http:\/\/projetoabelha.com.br\/index.php?rest_route=\/wp\/v2\/pages"}],"about":[{"href":"http:\/\/projetoabelha.com.br\/index.php?rest_route=\/wp\/v2\/types\/page"}],"author":[{"embeddable":true,"href":"http:\/\/projetoabelha.com.br\/index.php?rest_route=\/wp\/v2\/users\/1"}],"replies":[{"embeddable":true,"href":"http:\/\/projetoabelha.com.br\/index.php?rest_route=%2Fwp%2Fv2%2Fcomments&post=2075"}],"version-history":[{"count":21,"href":"http:\/\/projetoabelha.com.br\/index.php?rest_route=\/wp\/v2\/pages\/2075\/revisions"}],"predecessor-version":[{"id":4257,"href":"http:\/\/projetoabelha.com.br\/index.php?rest_route=\/wp\/v2\/pages\/2075\/revisions\/4257"}],"up":[{"embeddable":true,"href":"http:\/\/projetoabelha.com.br\/index.php?rest_route=\/wp\/v2\/pages\/1217"}],"wp:featuredmedia":[{"embeddable":true,"href":"http:\/\/projetoabelha.com.br\/index.php?rest_route=\/wp\/v2\/media\/1231"}],"wp:attachment":[{"href":"http:\/\/projetoabelha.com.br\/index.php?rest_route=%2Fwp%2Fv2%2Fmedia&parent=2075"}],"curies":[{"name":"wp","href":"https:\/\/api.w.org\/{rel}","templated":true}]}}