{"id":2099,"date":"2017-01-26T15:27:59","date_gmt":"2017-01-26T15:27:59","guid":{"rendered":"http:\/\/projetoabelha.com.br\/?page_id=2099"},"modified":"2017-01-26T16:51:29","modified_gmt":"2017-01-26T16:51:29","slug":"valores","status":"publish","type":"page","link":"http:\/\/projetoabelha.com.br\/?page_id=2099","title":{"rendered":"Valores"},"content":{"rendered":"<p><a href=\"http:\/\/projetoabelha.com.br\/?page_id=48\"><img loading=\"lazy\" class=\"alignleft wp-image-2100\" src=\"http:\/\/projetoabelha.com.br\/wp-content\/uploads\/2017\/01\/inclusao-300x300.gif\" alt=\"\" width=\"238\" height=\"238\" srcset=\"http:\/\/projetoabelha.com.br\/wp-content\/uploads\/2017\/01\/inclusao-300x300.gif 300w, http:\/\/projetoabelha.com.br\/wp-content\/uploads\/2017\/01\/inclusao-150x150.gif 150w\" sizes=\"(max-width: 238px) 100vw, 238px\" \/><\/a><\/p>\n<p>Os valores s\u00e3o fundamentos universais que reagem a conduta humana.<br \/>\nS\u00e3o elementos essenciais para viver em constante evolu\u00e7\u00e3o, baseada no autoconhecimento em dire\u00e7\u00e3o a uma vida construtiva, satisfat\u00f3ria, em\u00a0harmonia e coopera\u00e7\u00e3o com os demais. ( DOHME, 2000, p.22)<br \/>\nConhe\u00e7a a <a href=\"http:\/\/projetoabelha.com.br\/?page_id=48\">Miss\u00e3o, Vis\u00e3o e os Valores do Projeto Abelha<\/a>.<\/p>\n","protected":false},"excerpt":{"rendered":"<p>Os valores s\u00e3o fundamentos universais que reagem a conduta humana. S\u00e3o elementos essenciais para viver em constante evolu\u00e7\u00e3o, baseada no autoconhecimento em dire\u00e7\u00e3o a uma vida construtiva, satisfat\u00f3ria, em\u00a0harmonia e coopera\u00e7\u00e3o com os demais. ( DOHME, 2000, p.22) Conhe\u00e7a a Miss\u00e3o, Vis\u00e3o e os Valores do Projeto Abelha.<\/p>\n","protected":false},"author":1,"featured_media":0,"parent":0,"menu_order":0,"comment_status":"closed","ping_status":"closed","template":"","meta":[],"_links":{"self":[{"href":"http:\/\/projetoabelha.com.br\/index.php?rest_route=\/wp\/v2\/pages\/2099"}],"collection":[{"href":"http:\/\/projetoabelha.com.br\/index.php?rest_route=\/wp\/v2\/pages"}],"about":[{"href":"http:\/\/projetoabelha.com.br\/index.php?rest_route=\/wp\/v2\/types\/page"}],"author":[{"embeddable":true,"href":"http:\/\/projetoabelha.com.br\/index.php?rest_route=\/wp\/v2\/users\/1"}],"replies":[{"embeddable":true,"href":"http:\/\/projetoabelha.com.br\/index.php?rest_route=%2Fwp%2Fv2%2Fcomments&post=2099"}],"version-history":[{"count":9,"href":"http:\/\/projetoabelha.com.br\/index.php?rest_route=\/wp\/v2\/pages\/2099\/revisions"}],"predecessor-version":[{"id":2110,"href":"http:\/\/projetoabelha.com.br\/index.php?rest_route=\/wp\/v2\/pages\/2099\/revisions\/2110"}],"wp:attachment":[{"href":"http:\/\/projetoabelha.com.br\/index.php?rest_route=%2Fwp%2Fv2%2Fmedia&parent=2099"}],"curies":[{"name":"wp","href":"https:\/\/api.w.org\/{rel}","templated":true}]}}