{"id":4022,"date":"2020-04-06T20:38:22","date_gmt":"2020-04-06T20:38:22","guid":{"rendered":"http:\/\/projetoabelha.com.br\/?page_id=4022"},"modified":"2020-04-10T00:32:14","modified_gmt":"2020-04-10T00:32:14","slug":"o-patinho-feio-resumo","status":"publish","type":"page","link":"http:\/\/projetoabelha.com.br\/?page_id=4022","title":{"rendered":"O patinho feio (resumo)"},"content":{"rendered":"\n<p><em>O patinho feio<\/em>, escrito pelo autor dinamarqu\u00eas <a href=\"http:\/\/projetoabelha.com.br\/?page_id=4314\">Hans Christian Andersen<\/a> (1805-1875), publicado pela primeira vez em 11 de novembro de 1843, \u00e9 um dos cl\u00e1ssicos da literatura infantil. J\u00e1 foi reescrito e adaptado para uma s\u00e9rie de ve\u00edculos ao longo das d\u00e9cadas. Esta hist\u00f3ria encanta milhares de crian\u00e7as no mundo inteiro e transmite valiosas li\u00e7\u00f5es para a vida.<\/p>\n\n\n\n<p><\/p>\n\n\n\n<p class=\"has-text-align-center has-normal-font-size\"><em>\u201c\u2026O poder de se encontrar, se conhecer, depois de ter sido o patinho feio, que s\u00f3 se percebe cisne ap\u00f3s descobrir sua identidade (o que significa percorrer uma trajet\u00f3ria longa, dif\u00edcil e muito sofrida..) a\u00ed a belezura \u00e9 total! \u00c9 ent\u00e3o que nos sentimos capazes de enfrentar o drag\u00e3o, o gigante, o ogro, o monstro, ou o nome que tenha no nosso dia a dia, enfim, aquele que pensamos ser maior ou desconhecido, ou inating\u00edvel, ou cercado de for\u00e7as inabal\u00e1veis e poderosas\u2026\u201d<br>(ABRAMOVICH, 1997, p.135)<\/em><\/p>\n\n\n\n<div class=\"wp-block-image\"><figure class=\"aligncenter size-large is-resized\"><a href=\"http:\/\/projetoabelha.com.br\/\"><img loading=\"lazy\" src=\"http:\/\/projetoabelha.com.br\/wp-content\/uploads\/2020\/04\/The-Ugly-Duckling-PA-2-1024x950.jpg\" alt=\"\" class=\"wp-image-4024\" width=\"394\" height=\"365\" srcset=\"http:\/\/projetoabelha.com.br\/wp-content\/uploads\/2020\/04\/The-Ugly-Duckling-PA-2-1024x950.jpg 1024w, http:\/\/projetoabelha.com.br\/wp-content\/uploads\/2020\/04\/The-Ugly-Duckling-PA-2-300x278.jpg 300w, http:\/\/projetoabelha.com.br\/wp-content\/uploads\/2020\/04\/The-Ugly-Duckling-PA-2-768x712.jpg 768w, http:\/\/projetoabelha.com.br\/wp-content\/uploads\/2020\/04\/The-Ugly-Duckling-PA-2.jpg 1300w\" sizes=\"(max-width: 394px) 100vw, 394px\" \/><\/a><\/figure><\/div>\n\n\n\n<h2 class=\"has-luminous-vivid-orange-color has-text-color has-text-align-center\">O Patinho Feio<\/h2>\n\n\n\n<blockquote class=\"wp-block-quote is-style-default\"><p><strong>O nascimento do patinho<\/strong><\/p><\/blockquote>\n\n\n\n<p>Era uma vez uma pata que escolheu cuidadosamente onde fazer o seu ninho. Afinal os colocou em um local protegido, perto do rio, com muitas folhagens. A pata foi chocando os ovos at\u00e9 aqueles come\u00e7aram a se romper dando origem a patinhos amarelinhos muito belos.<br>Apenas um ovo, maior, permaneceu intacto. Intrigada ela chocou ainda mais e depois acabou por ajudar a romper a casca com o bico. De l\u00e1 saiu um filhote estranho, cinza, completamente diferente dos outros.<\/p>\n\n\n\n<blockquote class=\"wp-block-quote\"><p><strong> A descoberta da diferen\u00e7a<\/strong><\/p><\/blockquote>\n\n\n\n<p>Todos os que davam parab\u00e9ns \u00e0 pata &#8211; o peru, as galinhas, o porquinho &#8211; diziam que ela havia tido uma ninhada linda, exceto pelo patinho feio.<br>&#8220;Ele \u00e9 grande e sem gra\u00e7a&#8221;, &#8220;Tem um ar abobalhado&#8221;, acusavam aqueles que n\u00e3o sabiam lidar o p\u00e1ssaro diferente da ninhada.<br>Os irm\u00e3os do patinho feio percebendo a situa\u00e7\u00e3o passaram ent\u00e3o a excluir aquele que era meio esquisito.<br>Por fim a pr\u00f3pria pata passou a sentir vergonha e a abandonar o filhote diferente.<\/p>\n\n\n\n<blockquote class=\"wp-block-quote\"><p><strong> O abandono e o sofrimento<\/strong><\/p><\/blockquote>\n\n\n\n<p>E o patinho feio cresceu assim &#8211; sozinho e em sofrimento, tendo que aturar as bicadas das galinhas e a persegui\u00e7\u00e3o de outros animais. Cansado de sofrer, um belo dia o patinho feio resolveu fugir. <br>Primeiro encontrou um lago repleto de marrecos. L\u00e1 n\u00e3o ligaram para o patinho feio. Habituado ao sofrimento, pelo menos era melhor passar mais despercebido do que levar com a agress\u00e3o dos outros animais. <br>Mas a tranquilidade durou pouco, um dia ca\u00e7adores chegaram e espantaram todos. Perdido novamente no mundo encontrou uma outra lagoa que serviu de abrigo. L\u00e1 viu pela primeira vez belos cisnes brancos e ficou instantaneamente admirado. Ainda errante, procurou mais alguns abrigos e sofreu por todos onde esteve. <\/p>\n\n\n\n<blockquote class=\"wp-block-quote\"><p><strong>A autodescoberta e final feliz<\/strong><\/p><\/blockquote>\n\n\n\n<p>Enquanto isso o patinho foi se desenvolvendo e, ao encontrar um novo abrigo, ao lado dos cisnes, descobriu pelo reflexo da \u00e1gua que ele pr\u00f3prio era tamb\u00e9m uma daquelas criaturas que tanto admirava.<br>Os cisnes do grupo imediatamente deram as boas-vindas e o patinho, antes humilhado, passou a ter a companhia dos irm\u00e3os da mesma esp\u00e9cie ficando com o cora\u00e7\u00e3o cheio de felicidade.<br>A hist\u00f3ria se encerra com a constata\u00e7\u00e3o de que um belo dia uma crian\u00e7a estava passeando pelo lago quando, ao olhar para o antigo patinho feio, e disse admirado: &#8220;olhem, pais, t\u00e3o lindo esse cisne novo, \u00e9 o mais bonito de todos!&#8221;.<\/p>\n\n\n\n<h4>Saiba mais sobre o autor: <a href=\"http:\/\/projetoabelha.com.br\/?page_id=4314\">Hans Christian Andersen<\/a><\/h4>\n\n\n\n<p><\/p>\n\n\n\n<div class=\"wp-block-group\"><div class=\"wp-block-group__inner-container\">\n<h2>O que esta  hist\u00f3ria nos ensina? <\/h2>\n\n\n\n<p><\/p>\n\n\n\n<h3>Diferen\u00e7as e Autoestima<\/h3>\n\n\n\n<p>O conto estimula a compreens\u00e3o das diferen\u00e7as, pois mostra aos pequenos que julgar, hostilizar ou deixar de lado quem \u00e9 diferente, seja por qualquer aspecto, causa dor e sofrimento. Desta forma, os pequenos (e adultos) compreendem a import\u00e2ncia de aceitar e enxergar beleza de cada um.<br>Tamb\u00e9m nos ensina a&nbsp;n\u00e3o tentarmos ser aquilo que n\u00e3o somos e ter orgulho daquilo que nos diferencia do grupo.<\/p>\n<\/div><\/div>\n\n\n\n<p><\/p>\n\n\n\n<h3>Autopercep\u00e7\u00e3o, Resili\u00eancia e Persist\u00eancia <\/h3>\n\n\n\n<p>O patinho feio percebe que n\u00e3o pertence ao ninho em que onde nasceu. Cansado das humilha\u00e7\u00f5es sofridas, ele busca um ambiente onde se sinta acolhido e respeitado.<br>Ent\u00e3o, percorre um caminho dif\u00edcil, passa experi\u00eancias cru\u00e9is que evidenciavam a discrimina\u00e7\u00e3o. <br>Mesmo assim, n\u00e3o desisti de sua busca. E esta \u00e9 uma das li\u00e7\u00f5es mais importantes: que n\u00e3o desistamos de encontrar nosso lugar no mundo, de que n\u00e3o nos entreguemos ao conformismo.<\/p>\n\n\n<p><!--EndFragment--><\/p>\n\n\n<h2>Adapta\u00e7\u00e3o audiovisual<\/h2>\n\n\n\n<p>Ao longo das  d\u00e9cadas, &#8220;O patinho feio&#8221; recebeu muitas adapta\u00e7\u00f5es audiovisuais. A mais famosa foi  dirigida por Jack Cutting , em 1939, pelos est\u00fadios Disney. <\/p>\n\n\n\n<figure class=\"wp-block-embed-youtube wp-block-embed is-type-video is-provider-youtube wp-embed-aspect-4-3 wp-has-aspect-ratio\"><div class=\"wp-block-embed__wrapper\">\n<iframe loading=\"lazy\" title=\"O Patinho Feio disney\" width=\"700\" height=\"525\" src=\"https:\/\/www.youtube.com\/embed\/KmNfGi4xzzg?feature=oembed\" frameborder=\"0\" allow=\"accelerometer; autoplay; encrypted-media; gyroscope; picture-in-picture\" allowfullscreen><\/iframe>\n<\/div><\/figure>\n\n\n\n<div class=\"wp-block-media-text alignwide\" style=\"grid-template-columns:17% auto\"><figure class=\"wp-block-media-text__media\"><img loading=\"lazy\" width=\"300\" height=\"285\" src=\"http:\/\/projetoabelha.com.br\/wp-content\/uploads\/2016\/09\/abelha_cora\u00e7\u00e3o_amarelo.png\" alt=\"\" class=\"wp-image-1790\"\/><\/figure><div class=\"wp-block-media-text__content\">\n<p class=\"has-small-font-size\"> <a rel=\"noreferrer noopener\" href=\"https:\/\/www.facebook.com\/projetoabelha\/\" target=\"_blank\">Projeto Abelha<\/a><br><a rel=\"noreferrer noopener\" href=\"https:\/\/www.instagram.com\/projetoabelha\/\" target=\"_blank\">@projetoabelha<\/a><br>#SejamosPolinizadores #SejamosAbelhas <\/p>\n<\/div><\/div>\n","protected":false},"excerpt":{"rendered":"<p>O patinho feio, escrito pelo autor dinamarqu\u00eas Hans Christian Andersen (1805-1875), publicado pela primeira vez em 11 de novembro de 1843, \u00e9 um dos cl\u00e1ssicos da literatura infantil. J\u00e1 foi reescrito e adaptado para uma s\u00e9rie de ve\u00edculos ao longo das d\u00e9cadas. Esta hist\u00f3ria encanta milhares de crian\u00e7as no mundo inteiro e transmite valiosas li\u00e7\u00f5es&hellip;<\/p>\n","protected":false},"author":1,"featured_media":4007,"parent":0,"menu_order":0,"comment_status":"closed","ping_status":"closed","template":"","meta":[],"_links":{"self":[{"href":"http:\/\/projetoabelha.com.br\/index.php?rest_route=\/wp\/v2\/pages\/4022"}],"collection":[{"href":"http:\/\/projetoabelha.com.br\/index.php?rest_route=\/wp\/v2\/pages"}],"about":[{"href":"http:\/\/projetoabelha.com.br\/index.php?rest_route=\/wp\/v2\/types\/page"}],"author":[{"embeddable":true,"href":"http:\/\/projetoabelha.com.br\/index.php?rest_route=\/wp\/v2\/users\/1"}],"replies":[{"embeddable":true,"href":"http:\/\/projetoabelha.com.br\/index.php?rest_route=%2Fwp%2Fv2%2Fcomments&post=4022"}],"version-history":[{"count":32,"href":"http:\/\/projetoabelha.com.br\/index.php?rest_route=\/wp\/v2\/pages\/4022\/revisions"}],"predecessor-version":[{"id":4344,"href":"http:\/\/projetoabelha.com.br\/index.php?rest_route=\/wp\/v2\/pages\/4022\/revisions\/4344"}],"wp:featuredmedia":[{"embeddable":true,"href":"http:\/\/projetoabelha.com.br\/index.php?rest_route=\/wp\/v2\/media\/4007"}],"wp:attachment":[{"href":"http:\/\/projetoabelha.com.br\/index.php?rest_route=%2Fwp%2Fv2%2Fmedia&parent=4022"}],"curies":[{"name":"wp","href":"https:\/\/api.w.org\/{rel}","templated":true}]}}