{"id":4567,"date":"2020-04-28T21:06:01","date_gmt":"2020-04-28T21:06:01","guid":{"rendered":"http:\/\/projetoabelha.com.br\/?page_id=4567"},"modified":"2020-04-28T21:10:44","modified_gmt":"2020-04-28T21:10:44","slug":"o-cao-e-a-sombra","status":"publish","type":"page","link":"http:\/\/projetoabelha.com.br\/?page_id=4567","title":{"rendered":"O c\u00e3o e a sombra"},"content":{"rendered":"\n<ul><li><a href=\"http:\/\/projetoabelha.com.br\/?page_id=4438\">F\u00e1bulas<\/a>&nbsp;s\u00e3o pequenas hist\u00f3rias que transmitem ensinamentos sobre a vida, pois abordam li\u00e7\u00f5es morais. A maior parte das f\u00e1bulas exp\u00f5e situa\u00e7\u00f5es corriqueiras, t\u00edpicas do dia-a-dia, mas s\u00e3o vivenciadas por animais.<\/li><li>A f\u00e1bula \u201cO c\u00e3o e a sombra\u201d \u00e9 creditada \u00e0&nbsp;<a href=\"http:\/\/projetoabelha.com.br\/?page_id=4447\">Esopo<\/a>&nbsp;(s\u00e9c. VI a.C), contador de hist\u00f3rias que ficou famoso como o primeiro criador de f\u00e1bulas, considerado o maior representante deste estilo liter\u00e1rio.<\/li><\/ul>\n\n\n\n<div class=\"wp-block-image\"><figure class=\"aligncenter size-large is-resized\"><img loading=\"lazy\" src=\"http:\/\/projetoabelha.com.br\/wp-content\/uploads\/2020\/04\/o-cao-e-a-sombra-PA.jpg\" alt=\"\" class=\"wp-image-4570\" width=\"294\" height=\"177\" srcset=\"http:\/\/projetoabelha.com.br\/wp-content\/uploads\/2020\/04\/o-cao-e-a-sombra-PA.jpg 400w, http:\/\/projetoabelha.com.br\/wp-content\/uploads\/2020\/04\/o-cao-e-a-sombra-PA-300x181.jpg 300w\" sizes=\"(max-width: 294px) 100vw, 294px\" \/><\/figure><\/div>\n\n\n\n<h4 class=\"has-luminous-vivid-orange-color has-text-color\">O c\u00e3o e a sombra<\/h4>\n\n\n\n<p><\/p>\n\n\n\n<p>Era uma vez um c\u00e3o que passava perto de um riacho levando um peda\u00e7o de carne na boca. Chegou mais perto do riacho e viu no fundo da \u00e1gua a sombra de uma carne que parecia maior que a sua. <br>Ent\u00e3o, soltou a carne que levava nos dentes para tentar pegar a que viu na \u00e1gua.<br>O riacho levou para sua correnteza a verdadeira carne e a sombra, ficando o C\u00e3o sem uma nem outra.<\/p>\n\n\n\n<p><\/p>\n\n\n\n<h4 class=\"has-luminous-vivid-orange-color has-text-color\">Moral da hist\u00f3ria&#8230;<\/h4>\n\n\n\n<p><\/p>\n\n\n\n<p>Devemos valorizar e cuidar do que temos e n\u00e3o devemos querer tudo de uma s\u00f3 vez.<br>Se o cachorro, n\u00e3o quisesse o que \u201csupostamente\u201d n\u00e3o lhe pertencia, certamente n\u00e3o teria perdido o que j\u00e1 possu\u00eda.<\/p>\n\n\n\n<p><\/p>\n\n\n\n<p>Leia&nbsp;<a href=\"http:\/\/projetoabelha.com.br\/?page_id=4438\">aqui<\/a>&nbsp;uma breve defini\u00e7\u00e3o sobre f\u00e1bulas<br>Conhe\u00e7a a biografia resumida de&nbsp;<a href=\"http:\/\/projetoabelha.com.br\/?page_id=4447\">Esopo<\/a><\/p>\n\n\n\n<div class=\"wp-block-media-text alignwide is-stacked-on-mobile\" style=\"grid-template-columns:15% auto\"><figure class=\"wp-block-media-text__media\"><img loading=\"lazy\" width=\"600\" height=\"570\" src=\"http:\/\/projetoabelha.com.br\/wp-content\/uploads\/2020\/04\/abelha_cora\u00e7\u00e3o_amarelo-PA.jpg\" alt=\"\" class=\"wp-image-4544\" srcset=\"http:\/\/projetoabelha.com.br\/wp-content\/uploads\/2020\/04\/abelha_cora\u00e7\u00e3o_amarelo-PA.jpg 600w, http:\/\/projetoabelha.com.br\/wp-content\/uploads\/2020\/04\/abelha_cora\u00e7\u00e3o_amarelo-PA-300x285.jpg 300w\" sizes=\"(max-width: 600px) 100vw, 600px\" \/><\/figure><div class=\"wp-block-media-text__content\">\n<p><a href=\"https:\/\/web.facebook.com\/projetoabelha\/\">Facebook: Projeto Abelha<\/a><br><a href=\"https:\/\/www.instagram.com\/projetoabelha\/\">Instagram: @projetoabelha<\/a><\/p>\n<\/div><\/div>\n","protected":false},"excerpt":{"rendered":"<p>F\u00e1bulas&nbsp;s\u00e3o pequenas hist\u00f3rias que transmitem ensinamentos sobre a vida, pois abordam li\u00e7\u00f5es morais. A maior parte das f\u00e1bulas exp\u00f5e situa\u00e7\u00f5es corriqueiras, t\u00edpicas do dia-a-dia, mas s\u00e3o vivenciadas por animais. A f\u00e1bula \u201cO c\u00e3o e a sombra\u201d \u00e9 creditada \u00e0&nbsp;Esopo&nbsp;(s\u00e9c. VI a.C), contador de hist\u00f3rias que ficou famoso como o primeiro criador de f\u00e1bulas, considerado o&hellip;<\/p>\n","protected":false},"author":1,"featured_media":4570,"parent":4438,"menu_order":8,"comment_status":"closed","ping_status":"closed","template":"","meta":[],"_links":{"self":[{"href":"http:\/\/projetoabelha.com.br\/index.php?rest_route=\/wp\/v2\/pages\/4567"}],"collection":[{"href":"http:\/\/projetoabelha.com.br\/index.php?rest_route=\/wp\/v2\/pages"}],"about":[{"href":"http:\/\/projetoabelha.com.br\/index.php?rest_route=\/wp\/v2\/types\/page"}],"author":[{"embeddable":true,"href":"http:\/\/projetoabelha.com.br\/index.php?rest_route=\/wp\/v2\/users\/1"}],"replies":[{"embeddable":true,"href":"http:\/\/projetoabelha.com.br\/index.php?rest_route=%2Fwp%2Fv2%2Fcomments&post=4567"}],"version-history":[{"count":7,"href":"http:\/\/projetoabelha.com.br\/index.php?rest_route=\/wp\/v2\/pages\/4567\/revisions"}],"predecessor-version":[{"id":4576,"href":"http:\/\/projetoabelha.com.br\/index.php?rest_route=\/wp\/v2\/pages\/4567\/revisions\/4576"}],"up":[{"embeddable":true,"href":"http:\/\/projetoabelha.com.br\/index.php?rest_route=\/wp\/v2\/pages\/4438"}],"wp:featuredmedia":[{"embeddable":true,"href":"http:\/\/projetoabelha.com.br\/index.php?rest_route=\/wp\/v2\/media\/4570"}],"wp:attachment":[{"href":"http:\/\/projetoabelha.com.br\/index.php?rest_route=%2Fwp%2Fv2%2Fmedia&parent=4567"}],"curies":[{"name":"wp","href":"https:\/\/api.w.org\/{rel}","templated":true}]}}